Let g(t) = -t - 9. Let q be g(-8). Let o = q + -9. Let s(i) = i**3 + 9*i**2 - 10*i + 6. What is the units digit of s(o)?
6
Let w(o) = -2*o - 51. Let m be w(21). Let y = 183 + m. What is the tens digit of y?
9
Let x = -77 + 86. Suppose -1840 = -x*g + g. What is the units digit of g?
0
Let c be 8 + 4 + -3*1. What is the tens digit of 6/2*c + -1?
2
Suppose -9*n - 3*j = -14*n + 6335, 4*j - 2508 = -2*n. What is the thousands digit of n?
1
Let g(z) = z**2 - 5*z - 2. Let n be g(-2). What is the tens digit of (133/(-42) - -3) + 2294/n?
9
What is the hundreds digit of ((-42)/4)/((-14)/700)?
5
Let i(z) = 103*z - 387. What is the hundreds digit of i(9)?
5
Let r(v) = -v**2 - v + 2. Let m be r(-2). Suppose m = u - 0*g + 2*g, 4*u = 5*g. Suppose -3*w + u*w = -75. What is the units digit of w?
5
Let r(j) be the second derivative of j**3/2 - 8*j**2 - 2*j. Let l be 3 + 2 - (-2 + -2). What is the tens digit of r(l)?
1
Let k(y) = 12*y**2 + 4*y + 7. Let n be k(-4). Let d = -106 + n. Let g = d - 38. What is the tens digit of g?
3
Suppose -4*u + 11 = -1. Let a be 2 + -1*(u - 3). Suppose a*o + 10 = 3*o. What is the units digit of o?
0
Suppose 978 - 9218 = -10*n. What is the units digit of n?
4
Let f(c) = 9*c + 11. Let n(h) = -10*h - 12. Let g(q) = -3*f(q) - 2*n(q). What is the units digit of g(-9)?
4
Let h = 753 - 528. Suppose 4*o = -5*f - h - 23, 5*f - 5*o = -275. Let q = -19 - f. What is the units digit of q?
3
Suppose 24*o - 143 - 769 = 0. What is the units digit of o?
8
Let a = -69 + 79. Suppose -a*g + 735 = -465. What is the tens digit of g?
2
Suppose 4*u + 0*u - 20 = 0. Suppose 3*s - 138 = -0*s + 2*i, i = u*s - 230. What is the units digit of s?
6
Let v(w) = 23*w - 7. Let b be v(2). What is the units digit of (-3 - b/(-12))*164?
1
Let g be 5 + -5 - (1 - 4). Suppose -5*d + g*o + 2*o + 350 = 0, 10 = -5*o. What is the tens digit of d?
6
Let w(n) = 580*n**2 - 5*n - 4. What is the tens digit of w(-1)?
8
Suppose -4*i + 1872 = 4*d, -i - 89*d + 84*d + 456 = 0. What is the tens digit of i?
7
Let y(u) = -9*u**3 - 4*u**2 - 6*u + 13. What is the units digit of y(-5)?
8
Suppose -3819 = -3*p - 4*h - 9849, -p + 5*h - 2010 = 0. What is the units digit of (7/3 + -2)/((-10)/p)?
7
Let s(u) be the second derivative of -u**3/6 + 28*u**2 - 3*u. Let a be s(0). Suppose -t - 2 = -4*z - 6, -3*t + z + a = 0. What is the tens digit of t?
2
Suppose 218 = -3*j + 5*o + 3050, -o - 3759 = -4*j. What is the tens digit of j?
3
Suppose -2*o - 12 = g, -6*o + 2*o = 4*g + 32. Let d be o/((-2)/(-1))*-5. What is the tens digit of d/(1 + (-3)/4)?
4
Let l = -4 - -1. What is the units digit of 4 - (-11)/l - (-285)/9?
2
Suppose s - 5*i - 186 = 0, -3*i + 0*i = 2*s - 372. What is the tens digit of (s/8)/((-3)/(-12))?
9
What is the hundreds digit of (-10)/(-15) + 14352/18?
7
Suppose 4*j = -3*y + 1185, -88*j - 5*y = -90*j + 625. What is the tens digit of j?
0
Let w(b) = 86*b - 495. What is the thousands digit of w(35)?
2
Let y(w) = w**3 + 16*w**2 - 2*w - 24. Let m be y(-16). Let r = -3 + m. Suppose 2*p - 91 = -r*k, -5*p + 45 + 133 = -4*k. What is the tens digit of p?
3
Let k = -24 + 19. What is the tens digit of -2*(-3 - (-51)/5)*k?
7
Suppose -11*i = -7*i - 16, 0 = 2*f + 4*i - 114. What is the tens digit of f?
4
Let b(a) = 7*a + 11. Let x(g) = 3*g + 5. Let d(l) = 2*b(l) - 5*x(l). Let j be 2*((-52)/8 - -4). What is the units digit of d(j)?
2
Let y be (-57)/(-21) + 4/14. Suppose -5*i + 15 = 2*h - h, -10 = -2*h. Let t = i + y. What is the units digit of t?
5
Let w = -139 + 319. Suppose 0 = 18*g - 23*g + w. What is the units digit of g?
6
What is the units digit of (-128 - -117)*(-67 - 1)?
8
Let m be ((-24)/10)/((-20)/150). What is the tens digit of -99*(-4 - m/(-6))?
9
Let u(k) = 67*k**2 - 1. Let y be 0/(1 + -3) - 1. Let q be u(y). Let w = q - 13. What is the units digit of w?
3
Let q = -23 - -29. Let l(g) = 6*g + 9. What is the units digit of l(q)?
5
Let q = -196 + 289. What is the tens digit of 12 + -9 + (-4)/((-4)/q)?
9
What is the units digit of (-13848)/(-42) - 4/(-14)?
0
Let v = -1 + -14. Let l = -10 - v. Suppose -2*q - 2*f + 7 = -f, 4*q - l*f - 49 = 0. What is the units digit of q?
6
Let j be -1 + 0 - (399 + 5). Let k = 273 + j. What is the tens digit of (k/8)/(3/(-4))?
2
Let s(d) = -d**3 + 4*d**2 + 6*d + 3. Let o be s(-2). Suppose 4*l + 5 = -o, 5*j - 2*l - 145 = 0. What is the units digit of j?
7
Let m(l) = -l**3 - 13*l**2 - 20*l - 17. What is the tens digit of m(-12)?
7
What is the tens digit of 6*-1 - -6*4554/27?
0
Suppose 1694 = b - 1442. What is the tens digit of b?
3
Let s be (-80)/(-12) - (-3)/9. Suppose 2*q = s*q. Suppose 0 = -3*d - 5*y + 52, -d = -q*d - 5*y - 44. What is the tens digit of d?
2
Let p(b) = -10*b**3 - 18*b**2 - 27*b - 32. Let f(s) = -3*s**3 - 6*s**2 - 9*s - 11. Let o(j) = 7*f(j) - 2*p(j). What is the units digit of o(-5)?
7
Suppose 16*n + 32 = 3904. Let z = -46 + n. What is the hundreds digit of z?
1
Suppose -2*g + 395 = -5*d, -g - 3*d + 119 = -51. Let c = -98 + g. What is the tens digit of c?
8
Let u(j) = 10*j - 3. Suppose o = 11 - 1. What is the tens digit of u(o)?
9
Let o(g) = 2*g**2 - g - 2. Let d be o(2). Suppose -2*b + d + 0 = 0. What is the units digit of 1 + 9 + (b - 3)?
9
Suppose -w + 5*d - 154 + 1439 = 0, 15 = -3*d. What is the units digit of w?
0
Let q(n) = -n**3 + 3*n**2 + 4. Let a be q(3). Suppose a*i = 12, -4*i - 763 = -5*c - 5*i. What is the hundreds digit of c?
1
Let b(t) = 4*t**2 - 70*t + 115. What is the hundreds digit of b(30)?
6
Suppose 20 = 3*g - s, -5*g - 3 = -s - 37. Suppose 4*p - g*l = -2*l + 254, 0 = -3*p - 5*l + 208. What is the tens digit of p?
6
Let i(n) = 2*n**2 - 4*n - 1. Let k be i(7). Suppose 3*b + k = 198. Suppose 11 = -2*u + b. What is the tens digit of u?
1
Let q be 16 + 3 + 1/(-1). Let m = -1 + q. What is the units digit of m?
7
Let b(p) be the first derivative of p**6/360 - p**5/120 - p**4/12 - p**3/3 - 4. Let w(z) be the third derivative of b(z). What is the units digit of w(-5)?
8
Let m(d) = 0 + d + 7*d**2 - 21*d + 6 - d**2. What is the hundreds digit of m(8)?
2
Let h(o) = 9 + 3*o**2 - 13*o + 6*o**2 - 3*o**2 + 4*o**3 - 3*o**3. What is the units digit of h(-6)?
7
Suppose -4*i + 378 = 42. What is the units digit of i - 8*(-1)/(-2)?
0
Let x(u) = 89*u - 8. Let k(m) = 45*m - 4. Let d(o) = -7*k(o) + 3*x(o). What is the units digit of d(-2)?
0
Suppose 0 = -2*w - t + 12, 0*w - 3*t + 24 = 4*w. Let q = 15 + w. Suppose 3*y = -q + 24. What is the units digit of y?
1
Let m(j) be the first derivative of -5*j**2/2 + 25*j + 9. What is the hundreds digit of m(-17)?
1
What is the units digit of (-6 - -18)/6 + 256?
8
Let o(g) = -3*g**2 - g + 425. What is the units digit of o(0)?
5
Suppose 0 = -3*l - 5*v + 243, 0 = l + 3*l - v - 324. Let f = l - 37. What is the tens digit of f?
4
What is the tens digit of (-33)/99 + (-5)/(45/(-858))?
9
Let r = 19 + -11. Suppose 5*m = -p - 34, 5*m - 8 = -2*p + 4*p. Let s = r - p. What is the units digit of s?
2
Let w(u) = u**3 + 8*u**2 - u + 9. Let t = 32 + -39. What is the tens digit of w(t)?
6
Let g(d) = -6*d - 3. Let k be g(-10). Let p = 120 - k. What is the tens digit of p?
6
Suppose -4 = -l + 10. What is the tens digit of 6/(-14) - (-1784)/l?
2
What is the hundreds digit of ((-24)/(-18))/(10/1875)?
2
Let t(o) = -15*o**3 - 4*o**2 + 5*o - 4. Let u(a) = a**2 + 13*a + 14. Let r be u(-12). Let h be t(r). What is the units digit of (-4)/14 + h/(-14)?
9
Let d(u) = 15*u + 8. Let x(t) = 7*t + 4. Let i = -16 - -25. Let h(g) = i*x(g) - 4*d(g). What is the units digit of h(4)?
6
Suppose 5*k = i + 445, 4*i = k - 133 + 25. What is the units digit of k?
8
Suppose 5*v - 10 = 0, 45 = -3*b - 2*v + 5*v. Let w(u) = -u**3 - 11*u**2 + 6*u + 12. Let p be w(b). What is the units digit of ((-6)/4)/((-24)/p)?
7
Suppose 15830 + 14494 = 28*a. What is the hundreds digit of a?
0
What is the units digit of 54*(-20)/12*-2?
0
Let w be (8360/12)/2 - 1/3. Let c = w + -181. What is the units digit of c?
7
Let w(i) be the first derivative of -43*i**2/2 + i - 5. Let t be w(-3). Suppose t = 4*k - 2*r, -2*k - 3*r = 40 - 117. What is the tens digit of k?
3
Let i = 10 - -109. What is the units digit of i?
9
Suppose 0 = 5*k - 4*v - 13237, 5*v = 57 - 47. What is the units digit of k?
9
Let u(o) = o**2 - 17*o - 5. Let c be u(15). Let l = 107 + c. Suppose 3*q + l = 9